be -1 + 1 + 1*(6 + -3). Suppose 3*j - 117 = -5*f, p*j - 4*f + 3*f - 99 = 0. Calculate the remainder when 134 is divided by j.
32
Calculate the remainder when 0 - 0 - 623/(5 + -12) is divided by (8 + 77/14)*4/3.
17
Suppose -158*c - 158 - 8802 = -438*c. What is the remainder when 2266 is divided by c?
26
Suppose -37*r - 2552 = -48*r. Let b = r - 217. Calculate the remainder when 28 is divided by b.
13
Suppose 29*n + 237 = 30*n. Let r = n - 208. What is the remainder when 82 is divided by r?
24
Let j(m) = -2*m + 13. Let a be j(6). Let y(l) = -4*l**2 - 3*l + 2. Let v be y(a). Calculate the remainder when 12 is divided by 5/v*(-3 + -2).
2
Suppose 946 = -2*g + 13*g. Let m(n) = -70 - 15*n + n**3 + 42*n + 15*n**2 + g. Calculate the remainder when 13 is divided by m(-13).
1
Let c(z) = 2*z**3 - 4*z**2 + z - 4. Suppose 0 = 5*n + 10, -28*y = -26*y - 4*n - 702. What is the remainder when y is divided by c(3)?
7
Suppose -102*h + 7*h + 1008 = 31*h. What is the remainder when 6718 is divided by h?
6
Suppose -4*z + 30 = 4*c + z, -3*c - 5*z = -25. Suppose 5*n + 5 - 55 = -2*u, c*n - u - 35 = 0. Calculate the remainder when 30 is divided by n.
6
Suppose -5 = -2*u + 7. Let b(p) = p**2 + 8. Let j be b(u). Suppose 0 = -g + j + 31. What is the remainder when g is divided by 19?
18
Let i = -115 - -172. Suppose 2*p = -2*m + 94, 3*p - i + 8 = -m. Calculate the remainder when 82 is divided by m.
36
Suppose 4*t = 12*t + 736. Let r = 100 + t. What is the remainder when 103 is divided by r?
7
Suppose -84*w = -158688 - 50892. What is the remainder when w is divided by 18?
11
Suppose -3*f + 708 = 15*p - 12*p, -2*p - f = -470. Let r = p + -174. Calculate the remainder when r is divided by 26.
8
Suppose -152*y - 1708 = -4760 - 3636. Calculate the remainder when 165 is divided by y.
33
Let y(a) = 10*a - 13. Let w be y(10). Suppose -5*i = 4*h + 20 - w, 0 = -5*i - 5. Suppose -4*n + h = -n. What is the remainder when 22 is divided by n?
4
Let l(n) = 3*n**3 + 8*n**2 - 2*n + 352. What is the remainder when l(18) is divided by 55?
54
Let h be (8 + -2)*6/9. Suppose 3*j - 3*d - 450 = -69, 5*j + h*d - 671 = 0. What is the remainder when j is divided by 22?
21
Let p = 232 + -680. Let s = p + 766. Calculate the remainder when s is divided by 32.
30
Let k be (-306)/(-27) + 4/6. Calculate the remainder when 21 is divided by -3*(-4)/18*k.
5
Suppose -3*y - 56 - 46 = -o, -210 = -2*o + 3*y. What is the remainder when o is divided by 28?
24
Let h be -140 + 4 + 5 + -11. Let m = 190 + h. Calculate the remainder when m is divided by 17.
14
Let q = 47 - 47. Let a(h) = -h**2 + 2*h. Let i be a(q). Calculate the remainder when 57 is divided by -3 - -5 - (-8 + i).
7
Suppose y - 163 = -3*d, -14*d + 74 = -12*d - 8*y. Calculate the remainder when 177 is divided by d.
18
Let r(w) = 2*w**3 + 35*w**2 + 46*w - 30. Let x be r(-16). Suppose 11*k + x*k - 2860 = 0. What is the remainder when k is divided by 13?
12
Suppose -133*n = 48*n + 1124 - 48908. What is the remainder when n is divided by 75?
39
Suppose -344*i = -114747 - 582541. Calculate the remainder when i is divided by 671.
14
Suppose -442*d = -414*d - 18088. Calculate the remainder when d is divided by 59.
56
Suppose 0*k + 76 = k. Suppose -5*a = -4*p - 65, a + 5*p = -2*a + k. Calculate the remainder when a is divided by (10 + -1)/((-81)/(-108)).
5
Let d be 3 - (4 + -3 - -4). Calculate the remainder when 85 is divided by d*(75/30)/(2/(-12)).
25
Suppose 530*n = 16156 + 15114. What is the remainder when 529 is divided by n?
57
Let c(x) = 5*x**2 - 6*x + 3. Calculate the remainder when c(3) is divided by (44/12)/(-4*4/(-96)).
8
Let x(a) = -29*a. Suppose -5*z - 10 + 20 = 0. Suppose 4*l + 6 - z = 0. What is the remainder when x(l) is divided by 4?
1
Suppose 321*s + 68*s - 102232 + 19375 = 0. Calculate the remainder when s is divided by 62.
27
Let t(z) = -6*z**2 + 6*z**2 + 0*z**2 + z**2 + 10 - 2*z. Let g = -92 - -105. What is the remainder when t(7) is divided by g?
6
Let m = -1 + 8. Suppose 5*d + m - 1 = b, 3*d + 3*b = 0. Calculate the remainder when 31 is divided by -3 + (-4 - d*15).
7
Let w(s) = s**3 - 22*s**2 - 23*s + 53. Calculate the remainder when w(26) is divided by 60.
59
Let b = 87 + 35. Suppose 2*y - h - 20 = 34, 5*y + 4*h = b. Calculate the remainder when y is divided by 465/20 + -5 - 3/12.
8
Let n(q) = -5*q + 5. Let z be n(19). Let g = z - -149. Let d = g + -37. Calculate the remainder when 105 is divided by d.
17
Let y be (-4)/(-12)*1*3*-1. Let p be (y - 0/3)*-5. Suppose -30 = -8*k + p*k. What is the remainder when 48 is divided by k?
8
Let x be 46/(-69) - (-8)/3. Suppose 3*w = -b + 109, 0*b - x*w = -4*b + 380. Calculate the remainder when b is divided by 20.
17
Let q(r) be the third derivative of r**5/30 + 29*r**3/3 - r**2 + 46. What is the remainder when q(-12) is divided by 35?
31
Let w = -9909 + 10040. Calculate the remainder when w is divided by 79.
52
Let q be (50/(-4))/(-5)*-10. Let b = -166 - -164. Calculate the remainder when (5/(q/90))/b is divided by 6.
3
What is the remainder when (9/(-15) - -1) + (-84)/(-15) is divided by ((-76)/(-57))/(4/6)?
0
Let j = 17144 + -17080. Calculate the remainder when 531 is divided by j.
19
Let i(k) = 754*k**2 + k + 1. Let q be i(1). Suppose 29*s - q = 868. Calculate the remainder when 277 is divided by s.
53
Let l(z) = 4*z**3 - 12*z**2 + z - 16. Let k be l(5). Let i = -93 + k. What is the remainder when i is divided by 27?
15
Suppose 2*o - 3*c = 323 - 269, o + 3*c = 54. What is the remainder when 5902 is divided by o?
34
Suppose 8*m = 7*m + 79. Let t = 1791 + -1751. What is the remainder when m is divided by t?
39
Let v(d) = 41*d**2 + 13*d + 68. Let l be v(-4). Suppose -35*m - l = -47*m. Calculate the remainder when m is divided by 17.
5
Let g(q) = q**2 + 13*q - 12. Let z be g(5). Suppose 0*y - z = -3*y. What is the remainder when 45 is divided by y?
19
Let s = 2320 - 1333. What is the remainder when s is divided by 108?
15
Calculate the remainder when 488 - 11/2*1170/715 is divided by 245.
234
Suppose -31 = -5*i - 11. What is the remainder when 1 - (80/(-10) - 16) - 4 is divided by 62/6 - i/(-6)?
10
What is the remainder when 351 is divided by (-1196)/(-1035)*5 - 4/(-18)?
3
Suppose 23 - 63 = -5*q. Suppose -4 = 3*u + 5*p, -2*p - q = u + p. Suppose 27 = 4*z + u. Calculate the remainder when 23 is divided by z.
3
Let l(i) = -i**3 + 16*i**2 + 39*i - 8. What is the remainder when 320 is divided by l(18)?
44
Let t = 149 - 75. Let k(l) = l**2 + 21*l + 108. Let o be k(8). Suppose 40*s - o = 60. Calculate the remainder when t is divided by s.
4
Suppose 14*s - 15*s + 77 = 0. Let k = s - 30. Calculate the remainder when k is divided by 20.
7
Let o = 7 + -16. Let m = o + 19. Let f = 1406 + -1357. Calculate the remainder when f is divided by m.
9
Let o be ((-2)/4*0)/(21 + -20). Suppose 4*b - 5*c - 456 = o, 2*b - 2*c + 101 = 3*b. What is the remainder when b is divided by 29?
22
Let m = 10 + -8. Suppose 0 = 5*b + 4*n - 111, -2*n - 42 = -m*b - 3*n. Suppose 0 = -5*d + 247 - 222. Calculate the remainder when b is divided by d.
4
Let y(v) = 12*v**2 + 11*v**2 + 6*v - 40 + 15*v - 5*v**2 + 10*v**2. What is the remainder when y(2) is divided by 45?
24
Suppose -10*k + 3 = 3. Suppose 19*p - 5538 - 428 = k. What is the remainder when p is divided by 46?
38
Suppose -2*v - 2*p + 4 = 0, -14 + 2 = -5*v - 3*p. Suppose v*w - 190 = -5*g, -g = -5*g + 5*w + 189. Calculate the remainder when 121 is divided by g.
39
Calculate the remainder when -366*(-189)/252*(-8)/(-6) is divided by 1.
0
Suppose 0 = -8*r + 1149 + 35. Let m = r + -134. Suppose -g - 164 = -5*g. Calculate the remainder when g is divided by m.
13
Suppose -21*q - 11*q = -49*q + 799. Calculate the remainder when 923 is divided by q.
30
Suppose -4*w - 2*t = -630, 0 = -15*w + 11*w - 4*t + 620. What is the remainder when w is divided by 11?
6
Let i(g) = -g**3 - 2*g + 15. Let s(z) = -4*z + 31. Let f be s(9). What is the remainder when i(f) is divided by ((-22)/(-16) - (-3)/(-8))*38?
36
Let w be 315/(-40) + 1/(-8). Let r = -2355 - -2391. Calculate the remainder when r is divided by ((-30)/w)/(9/24).
6
Let f(i) = 19*i - 17. Let g be 0 - 9/(-3)*1. Calculate the remainder when f(g) is divided by 6.
4
Suppose m - 5*m = -156. Suppose 0 = 72*p - 67*p + 4*s - 115, -86 = -3*p + s. What